Determine y(g).
6
Let j(v) = 6*v - 3. Suppose 2*r + 4*x + 10 = 0, r + r + 7 = -3*x. Let y be j(r). Let h(o) = -1 - y*o - o**2 + 4*o + 5*o + 3*o**3 - 4*o. Determine h(2).
23
Let p(t) = -t**3 + 19*t**2 - 31*t + 11. Let k(c) = -2*c**3 + 38*c**2 - 61*c + 24. Let j(f) = 4*k(f) - 9*p(f). Calculate j(17).
14
Let t be 172/(-1118) - (-160)/26. Let k(z) = z**2 - 4*z - 16. Determine k(t).
-4
Let o(q) = 14*q**2 - 65*q**2 + 1 + 4*q - 5 + 52*q**2. Give o(1).
1
Let d be (-54)/4 - (30/(-20) + (-12)/(-4)). Let r(m) = -3*m. Calculate r(d).
45
Let z(w) = -w + 4. Let b(j) = j + 6. Let v be b(-10). Let d be ((-2)/7)/(v/28). Let s be ((-11)/33)/(d/(-42)). Determine z(s).
-3
Let q(f) be the third derivative of f**6/120 - f**5/5 + 23*f**4/24 - 13*f**3/6 + 68*f**2 - 9*f. Calculate q(9).
-49
Let h(t) = -4*t**3 + t**2 - 4*t - 35. Let b(j) = 5*j**3 - j**2 + 5*j + 35. Let l(i) = 5*b(i) + 6*h(i). Let u = 121381 + -121381. Determine l(u).
-35
Let u(y) = -3*y**2 + 24*y - 10. Let q(k) = -k**2 - 52*k - 226. Let d be q(-5). Calculate u(d).
-37
Let g = -8 - -11. Suppose d = -4*q - 2, -3*d - 2*d + g*q = 33. Let j(r) be the third derivative of -r**6/120 - 7*r**5/60 - r**4/6 + r**3 - r**2. Determine j(d).
-6
Let s = -10626 - -10623. Let x(l) = 25*l + 10. Give x(s).
-65
Let i be (264/9 + 0 + 1)*3. Let j = i + -82. Let b(v) = 8 - v - 9*v + j*v. Calculate b(7).
1
Suppose 0 = 2*s + z + 56, 3*s - 5*z + 33 = -12. Let y(b) = -b**2 - 24*b + 24. Determine y(s).
-1
Let c(x) = 10*x**3 + 3*x**2 - 7*x + 5. Suppose 11 = l - 5*d, 0 = 4*l + 8*d - 4*d + 4. Let g be c(l). Let v(w) = w**2 - 9*w - 15. Calculate v(g).
7
Let r be 8/(-20) + 43/(-5). Suppose 4*a - 45 - 83 = 0. Let i(m) = -m + 24 - 49 + a. Give i(r).
16
Suppose 16 = 5*c - 4*a, 0*c + 3*a + 1 = c. Let f be (3/(18/c))/(27/81). Let t(m) = 5*m**2 + m - 2. Determine t(f).
20
Let i(d) = -10*d**2 - 8*d - 102. Let x be i(-8). Let s = x + 683. Let w(h) = 3*h**3 - 2*h**3 + 1 - 5*h**2 - 2*h + 0*h**3. Calculate w(s).
-9
Let r(d) = 2*d - 6. Let n = 203 + -91. Let l = n + -109. Suppose -u + 17 = l*p, -3*p - 2*u + 20 = -4*u. Determine r(p).
6
Let d(x) be the first derivative of -163 - x + 1/2*x**2. Calculate d(4).
3
Let o(a) = -a**2 + 12*a - 12. Let i(r) = r**3 - 44*r**2 + 197*r - 5. Let v be i(5). Determine o(v).
23
Let f(b) = b**2 + b + 1. Let x(t) = t**2 - 16*t - 38. Let a(k) = 2*f(k) - x(k). What is a(-15)?
-5
Let y(j) = j - 3. Let d be ((-17)/5 + 3)/(3/15). Let f be -8*(1/d)/1. Suppose -q + 8 = f. What is y(q)?
1
Let i(c) = -36*c**3. Let v be i(-2). Let f = v - 279. Let a(g) = -g**3 + 10*g**2 - 10*g + 11. Calculate a(f).
2
Suppose 20 = 5*t + 5*j + 65, 0 = 2*t + 3*j + 23. Let b(p) = p**3 + 5*p**2 + 3*p + 2. Calculate b(t).
6
Let z(m) = -27*m - 31. Let u(a) = 13*a + 30. Let x(k) = -3*u(k) - 2*z(k). Calculate x(1).
-13
Let b(u) = -26*u - 8. Suppose -3745*w = -3761*w. Calculate b(w).
-8
Let k(x) = -x**3 - 15*x**2 - x - 20. Let n = 261 - 262. Let j(g) = g**3 - g**2 + g + 1. Let c(s) = n*k(s) - 2*j(s). Determine c(17).
1
Let b(d) = 8*d - 284. Let t be b(36). Suppose h + 40 = -5*j, 0*j + 41 = -t*j + h. Let p(m) = -m**3 - 8*m**2 + 7*m - 11. What is p(j)?
7
Let p(q) = -1067*q + 1048*q + 29*q**2 - 5*q**2 + 96 - 26*q**2. Determine p(-13).
5
Let f(c) = 44 - 10 + 20*c - 24 - c + 3*c**2. What is f(-5)?
-10
Let o be (-2)/3 + 195/9. Suppose -5*t = -8*t - o. Let b(w) = 3*w + 10. Give b(t).
-11
Let o = 182 - 171. Let s(p) = -35*p**3 - 6*p**2 + 9*p - 3. Let f(i) = 29*i**3 + 7*i**2 - 10*i + 3. Let h(z) = -6*f(z) - 5*s(z). Give h(o).
41
Let p be (-8)/(-4) - (2 + -5). Let k(q) = p*q**2 - 5*q**2 + 4*q**3 - 13*q**3 + q**2. Let g(z) = -z**2 + 13*z - 35. Let d be g(9). Give k(d).
-8
Let q(z) be the third derivative of z**4/24 - 3*z**3/2 - 108*z**2 + z. Let m(w) = -4*w + 1. Let x be m(-1). What is q(x)?
-4
Let u(i) = 4*i**2 - 14*i - 370. Let q(p) = 3*p**2 - 14*p - 306. Let m(h) = -5*q(h) + 4*u(h). Determine m(-10).
10
Suppose 4*x = 5*r - 19, -2*x + 9*r - 5 = 8*r. Let o(i) = 36*i + 30. Let u(z) = -z - 1. Let m(f) = 2*o(f) + 60*u(f). What is m(x)?
-12
Let f(w) be the third derivative of -w**5/60 - 11*w**4/8 - 35*w**3/6 + 552*w**2. Calculate f(-32).
-3
Let v(x) be the third derivative of -x**6/120 - x**5/20 + x**4/24 - x**3/6 - 2*x**2 - 3*x + 6012. Let u be -3 - 1 - (1 + -1). What is v(u)?
11
Let y(d) = 420 - 6*d - 9*d + 23*d - 372. Give y(-7).
-8
Let i(r) = 11*r**3 - 13*r**2 + 27*r + 15. Let k(q) = -3*q**3 + q + 1. Let t(v) = i(v) + 4*k(v). What is t(-15)?
4
Let x(g) = 3*g - 81. Let o be x(30). Suppose -o = -3*q - 2*w, -15 = -8*w + 3*w. Let j(v) = 13*v**3 + 2*v**2 - 2*v + 1. Calculate j(q).
14
Let x be (-2)/6 + (-32)/(-6). Suppose 5*f = -x*m - 15 - 5, -10 = 2*m + 3*f. Let s be 299/(-65) + m/5. Let l(k) = -k**3 - 5*k**2 - k - 1. What is l(s)?
4
Let x(w) = 3*w. Let g(u) = -41*u + 17*u + 20*u - 5. Let l(d) = -2*g(d) - 2*x(d). Give l(8).
26
Let a(x) be the first derivative of -x**2/2 - 3*x - 21. Let g be (-1)/4 + (-697)/(-164). Calculate a(g).
-7
Let k(p) = -32*p + 68. Let i(h) = -11*h + 23. Let b(q) = -17*i(q) + 6*k(q). Let w(y) = 3*y - 9. Let u(v) = -4*b(v) - 7*w(v). Suppose 0 = -5*m + m. What is u(m)?
-5
Let h be ((-396)/(-18))/(0 + 2). Suppose 3*j - 6 = -0*j. Let r(w) = w**2 - 2*w + 4. Let y(o) = -6*o**2 + 11*o - 21. Let n(p) = h*r(p) + j*y(p). Determine n(0).
2
Let t(o) be the second derivative of -o**5/20 - 13*o**4/3 + 37*o**3/2 + 163*o**2/2 + 1764*o. Calculate t(-54).
1
Let i(b) = 47*b**2 + 149*b - 21*b**2 - 27*b**2 + 14 - 147*b + 48. Calculate i(-7).
-1
Let b be (-52)/(-39) - -7 - 12/(-18). Let r(p) = -p**3 + 11*p**2 - 14*p - 21. Determine r(b).
15
Let a(c) = 2*c - 4*c**2 - c**3 - c + 3*c**2. Let j(w) = 10*w + 468. Let s(f) = -f**2 + 30*f + 17. Let p be s(32). Let g be j(p). What is a(g)?
2
Let i(a) = -5*a + 1. Let r(x) = 15*x - 3. Let m(l) = 17*i(l) + 6*r(l). Suppose 10 = -12*g + 118. Suppose 0 = g*p + 6*p + 30. Calculate m(p).
-11
Let i(j) be the third derivative of -j**4/24 + 2*j**3/3 + j**2. Suppose -4 = 2*d, 3*x + 5*d + 112 = -111. Let s = x - -74. Calculate i(s).
1
Let l(b) = -b**3 - b**2. Suppose 5 = -3*g - 2*g - 4*p, 2*p - 3 = 3*g. Let f be 4/2 + ((-1)/g - 2). Let x be f*2 + ((-50)/5)/5. Calculate l(x).
0
Let w = 43 - 37. Let g be (-8)/(5 + -3) + w. Let u(k) = -3*k - k**g + 2 + 8 - 10. What is u(-3)?
0
Suppose 4*f - 5*z + 50 = 0, -3*f - 722*z + 718*z + 9 = 0. Let o(a) be the third derivative of -5*a**4/24 - 7*a**3/6 - a**2. Determine o(f).
18
Let c = 17 + -22. Let m be (-304)/40 + 2/c. Let n(a) = -a**2 - 12*a - 2. Give n(m).
30
Let s(w) = -31*w**3 + 4*w**2 - 2*w - 15. Let z(y) = -26*y**3 + 4*y**2 - 2*y - 15. Let u(d) = 5*s(d) - 6*z(d). Give u(-4).
-121
Let g(u) = -2*u**2 - 47*u - 12*u + 53*u - 3 + 3*u**2. Suppose -3*i = -a + 3, 0 = a + 2*i - 4*i - 4. Calculate g(a).
-3
Let j(d) = -d**2 + 7*d - 3. Suppose i - 1 = -40. Let k = i + 34. Let o be 10/4*(-6)/k. Give j(o).
9
Let b(s) = -98*s + 76*s + 11*s + 1 + 14*s + 7*s. Let n(c) = -c + 1. Let q be n(2). Give b(q).
-9
Suppose 3*q = -2*a + 13, -5*a = 5*q - q - 22. Suppose q*r + 7 = 4*x + 2, -5*x + 7 = -3*r. Let z = 1 + r. Let m(l) = -l**3 + 3*l**2 - 2. Give m(z).
2
Let r(f) = 16*f - 19. Suppose 3*k - 2*p = 17, -p - 9 = k - 3. What is r(k)?
-3
Let r(b) = -b**2 + 56*b + 106. Let l be r(58). Let q(u) = -20*u + 1 + u**2 + 1 + 28*u. What is q(l)?
22
Let v = -17293 + 17294. Let m(p) = 13*p**2 + p - 1. What is m(v)?
13
Let m = 12038 + -12029. Let h(t) = 18*t - 170. Give h(m).
-8
Suppose 4*q = 4*r - 104, 2*r + 2*r + 3*q - 104 = 0. Let n(m) = -r - 5*m + 23 + 4*m. Determine n(3).
-6
Let z(k) = -29*k + 9*k + 4*k + 195 + 2*k + 4*k. Calculate z(19).
5
Let n = 588 - 585. Let s be (1/n)/(9/54)*-3. Let l(z) = -9*z - 6. What is l(s)?
48
Suppose -31 = 5*f - p + 12, -2*p - 40 = 4*f. Let m be 124887/209 - 24/44. Let c(y) = -m*y - 9 + 598*y + 4. Calculate c(f).
-14
Let k(b) = 16*b + 12 + 2 - 25 + 12. Suppose -f - 3 = 0, -h - 3*h - 2 = 2*f. Let t be (2 - 3) + 1 - h. What is k(t)?
-15
Let h(g) = 16*g + 224. Suppose 181*x + 1518 = -835. Determine h(x).
16
Let u(b) = -21474*b - 67 + 10749*b + 10762*b + b**2. Determine u(-38).
-29
Let x(q) = -q**2 + q + 19. Let b(w) = -21*w + 405. Let f be b(19). What is x(f)?
-11
Suppose 0 = 3*l - 8*l - 5. Let d = l + 1. Let f(v) = 6*v**2 - 16*v**2 + 2997 - 2990 + 5*v**2 + 6*v**2 + v**3. What is f(d)?
7
Let f(